{"id":1428,"date":"2023-04-06T11:47:03","date_gmt":"2023-04-06T09:47:03","guid":{"rendered":"https:\/\/monblanc-gers.com\/?page_id=1428"},"modified":"2023-04-06T12:32:12","modified_gmt":"2023-04-06T10:32:12","slug":"p-l-u","status":"publish","type":"page","link":"https:\/\/monblanc-gers.com\/index.php\/p-l-u\/","title":{"rendered":"Plan Local d&#8217;Urbanisme"},"content":{"rendered":"\n<p><strong>Monblanc en marche vers l&#8217;avenir: Elaboration de son Plan Local d&#8217;Urbanisme<\/strong><\/p>\n\n\n\n<p>Monblanc est un village dynamique en constante \u00e9volution. Pour anticiper l&#8217;avenir, la municipalit\u00e9 travaille actuellement sur l&#8217;\u00e9laboration d&#8217;un Plan Local d&#8217;Urbanisme (PLU). Ce document r\u00e9glementaire a pour objectif de d\u00e9finir les grandes orientations d&#8217;am\u00e9nagement du territoire communal pour les ann\u00e9es \u00e0 venir.<\/p>\n\n\n\n<p><strong>Qu&#8217;est-ce qu&#8217;un Plan Local d&#8217;Urbanisme?<\/strong><\/p>\n\n\n\n<p>Le Plan Local d&#8217;Urbanisme est un document d&#8217;urbanisme qui d\u00e9finit les r\u00e8gles d&#8217;utilisation du sol sur le territoire de la commune. Il d\u00e9termine les zones constructibles et non-constructibles, les r\u00e8gles de hauteur et de densit\u00e9 des constructions, les normes environnementales \u00e0 respecter, etc. Il doit \u00eatre en coh\u00e9rence avec les documents de planification territoriale sup\u00e9rieurs, comme le Sch\u00e9ma de Coh\u00e9rence Territoriale (SCoT) ou le Plan Local d&#8217;Habitat (PLH).<\/p>\n\n\n\n<figure class=\"wp-block-image size-large\"><img fetchpriority=\"high\" decoding=\"async\" width=\"1024\" height=\"576\" src=\"https:\/\/monblanc-gers.com\/wp-content\/uploads\/2023\/04\/Village-Drone3-1024x576.jpg\" alt=\"\" class=\"wp-image-1429\" srcset=\"https:\/\/monblanc-gers.com\/wp-content\/uploads\/2023\/04\/Village-Drone3-1024x576.jpg 1024w, https:\/\/monblanc-gers.com\/wp-content\/uploads\/2023\/04\/Village-Drone3-300x169.jpg 300w, https:\/\/monblanc-gers.com\/wp-content\/uploads\/2023\/04\/Village-Drone3-768x432.jpg 768w, https:\/\/monblanc-gers.com\/wp-content\/uploads\/2023\/04\/Village-Drone3-1536x864.jpg 1536w, https:\/\/monblanc-gers.com\/wp-content\/uploads\/2023\/04\/Village-Drone3-2048x1152.jpg 2048w\" sizes=\"(max-width: 1024px) 100vw, 1024px\" \/><\/figure>\n\n\n\n<p><\/p>\n\n\n\n<p><strong>Pourquoi \u00e9laborer un Plan Local d&#8217;Urbanisme?<\/strong><\/p>\n\n\n\n<p>Le Plan Local d&#8217;Urbanisme permet de d\u00e9finir les grandes orientations d&#8217;am\u00e9nagement de la commune pour les ann\u00e9es \u00e0 venir. Il permet de ma\u00eetriser l&#8217;urbanisation de la ville en r\u00e9glementant les constructions et en pr\u00e9servant les espaces naturels et agricoles. Il permet \u00e9galement de r\u00e9pondre aux besoins de la population en termes de logements, de services et d&#8217;\u00e9quipements publics.<\/p>\n\n\n\n<p><strong>Comment \u00e9laborer un Plan Local d&#8217;Urbanisme?<\/strong><\/p>\n\n\n\n<p>L&#8217;\u00e9laboration d&#8217;un Plan Local d&#8217;Urbanisme se d\u00e9roule en plusieurs \u00e9tapes. Tout d&#8217;abord, il est n\u00e9cessaire de r\u00e9aliser un diagnostic de la commune afin d&#8217;identifier les enjeux et les besoins de la population. Ensuite, il convient de d\u00e9finir les grandes orientations d&#8217;am\u00e9nagement de la commune, en concertation avec les habitants, les associations et les acteurs \u00e9conomiques locaux. Enfin, il faut r\u00e9diger le r\u00e8glement et les documents graphiques du PLU, qui seront soumis \u00e0 enqu\u00eate publique avant leur approbation par le conseil municipal.<\/p>\n\n\n\n<blockquote class=\"wp-block-quote is-layout-flow wp-block-quote-is-layout-flow\">\n<p><strong>En conclusion: Le Plan Local d&#8217;Urbanisme est un document essentiel pour l&#8217;avenir de la commune de Monblanc. Il permettra de ma\u00eetriser l&#8217;urbanisation de la ville tout en r\u00e9pondant aux besoins de la population. La municipalit\u00e9 invite donc tous les habitants de la commune \u00e0 participer \u00e0 sa r\u00e9alisation, afin que ce document soit le reflet des aspirations et des besoins de tous.<\/strong><\/p>\n<\/blockquote>\n","protected":false},"excerpt":{"rendered":"<p>Monblanc en marche vers l&#8217;avenir: Elaboration de son Plan Local d&#8217;Urbanisme Monblanc est un village dynamique en constante \u00e9volution. Pour anticiper l&#8217;avenir, la municipalit\u00e9 travaille actuellement sur l&#8217;\u00e9laboration d&#8217;un Plan &#8230;<\/p>\n","protected":false},"author":1,"featured_media":0,"parent":0,"menu_order":0,"comment_status":"closed","ping_status":"closed","template":"","meta":{"om_disable_all_campaigns":false,"footnotes":""},"class_list":["post-1428","page","type-page","status-publish","hentry"],"_links":{"self":[{"href":"https:\/\/monblanc-gers.com\/index.php\/wp-json\/wp\/v2\/pages\/1428","targetHints":{"allow":["GET"]}}],"collection":[{"href":"https:\/\/monblanc-gers.com\/index.php\/wp-json\/wp\/v2\/pages"}],"about":[{"href":"https:\/\/monblanc-gers.com\/index.php\/wp-json\/wp\/v2\/types\/page"}],"author":[{"embeddable":true,"href":"https:\/\/monblanc-gers.com\/index.php\/wp-json\/wp\/v2\/users\/1"}],"replies":[{"embeddable":true,"href":"https:\/\/monblanc-gers.com\/index.php\/wp-json\/wp\/v2\/comments?post=1428"}],"version-history":[{"count":3,"href":"https:\/\/monblanc-gers.com\/index.php\/wp-json\/wp\/v2\/pages\/1428\/revisions"}],"predecessor-version":[{"id":1445,"href":"https:\/\/monblanc-gers.com\/index.php\/wp-json\/wp\/v2\/pages\/1428\/revisions\/1445"}],"wp:attachment":[{"href":"https:\/\/monblanc-gers.com\/index.php\/wp-json\/wp\/v2\/media?parent=1428"}],"curies":[{"name":"wp","href":"https:\/\/api.w.org\/{rel}","templated":true}]}}