{"id":1548,"date":"2023-05-25T17:09:08","date_gmt":"2023-05-25T15:09:08","guid":{"rendered":"https:\/\/monblanc-gers.com\/?page_id=1548"},"modified":"2023-05-26T10:20:39","modified_gmt":"2023-05-26T08:20:39","slug":"demarches-administratives","status":"publish","type":"page","link":"https:\/\/monblanc-gers.com\/index.php\/demarches-administratives\/","title":{"rendered":"D\u00e9marches administratives"},"content":{"rendered":"\n<figure class=\"wp-block-image size-full\"><img decoding=\"async\" width=\"88\" height=\"89\" src=\"https:\/\/monblanc-gers.com\/wp-content\/uploads\/2023\/03\/cropped-Logo-Monblanc-SmalSmall.jpg\" alt=\"\" class=\"wp-image-82\"\/><\/figure>\n\n\n\n<p class=\"has-black-color has-pale-cyan-blue-background-color has-text-color has-background has-medium-font-size\">Afin de faciliter votre quotidien, nous vous proposons ci-dessous les principaux sites internet de l&#8217;administration fran\u00e7aise avec leurs liens. Bonne recherche<\/p>\n\n\n\n<p><\/p>\n\n\n\n<p><\/p>\n\n\n\n<p class=\"has-medium-font-size\">Service-public.fr : Il s&#8217;agit du portail officiel de l&#8217;administration fran\u00e7aise, qui offre une grande vari\u00e9t\u00e9 d&#8217;informations et de services accessibles aux citoyens. Vous pouvez y trouver des informations sur les droits et les d\u00e9marches administratives.<\/p>\n\n\n\n<figure class=\"wp-block-image size-large is-resized\"><a href=\"https:\/\/www.service-public.fr\/\"><img fetchpriority=\"high\" decoding=\"async\" src=\"https:\/\/monblanc-gers.com\/wp-content\/uploads\/2023\/05\/Logo_Service-public.fr_.svg_-1024x356.png\" alt=\"\" class=\"wp-image-1550\" width=\"462\" height=\"161\" srcset=\"https:\/\/monblanc-gers.com\/wp-content\/uploads\/2023\/05\/Logo_Service-public.fr_.svg_-1024x356.png 1024w, https:\/\/monblanc-gers.com\/wp-content\/uploads\/2023\/05\/Logo_Service-public.fr_.svg_-300x104.png 300w, https:\/\/monblanc-gers.com\/wp-content\/uploads\/2023\/05\/Logo_Service-public.fr_.svg_-768x267.png 768w, https:\/\/monblanc-gers.com\/wp-content\/uploads\/2023\/05\/Logo_Service-public.fr_.svg_.png 1200w\" sizes=\"(max-width: 462px) 100vw, 462px\" \/><\/a><\/figure>\n\n\n\n<p><\/p>\n\n\n\n<p><\/p>\n\n\n\n<p class=\"has-medium-font-size\">Impots.gouv.fr : Ce site est g\u00e9r\u00e9 par la Direction g\u00e9n\u00e9rale des Finances publiques (DGFiP) et permet aux citoyens de g\u00e9rer leurs imp\u00f4ts, de d\u00e9clarer leurs revenus, de payer leurs taxes et d&#8217;obtenir des informations fiscales.<\/p>\n\n\n\n<figure class=\"wp-block-image size-full\"><a href=\"https:\/\/www.impots.gouv.fr\/accueil\"><img decoding=\"async\" width=\"461\" height=\"109\" src=\"https:\/\/monblanc-gers.com\/wp-content\/uploads\/2023\/05\/Sans-titre.png\" alt=\"\" class=\"wp-image-1551\" srcset=\"https:\/\/monblanc-gers.com\/wp-content\/uploads\/2023\/05\/Sans-titre.png 461w, https:\/\/monblanc-gers.com\/wp-content\/uploads\/2023\/05\/Sans-titre-300x71.png 300w\" sizes=\"(max-width: 461px) 100vw, 461px\" \/><\/a><\/figure>\n\n\n\n<p><\/p>\n\n\n\n<p><\/p>\n\n\n\n<p class=\"has-medium-font-size\">Ameli.fr : Ce site est g\u00e9r\u00e9 par l&#8217;Assurance Maladie. Les assur\u00e9s sociaux y trouvent des informations sur la s\u00e9curit\u00e9 sociale, la sant\u00e9, les droits et les d\u00e9marches li\u00e9es \u00e0 la protection sociale.<\/p>\n\n\n\n<figure class=\"wp-block-image size-full\"><a href=\"https:\/\/www.ameli.fr\/assure\"><img loading=\"lazy\" decoding=\"async\" width=\"310\" height=\"163\" src=\"https:\/\/monblanc-gers.com\/wp-content\/uploads\/2023\/05\/Sans-titre-2.png\" alt=\"\" class=\"wp-image-1557\" srcset=\"https:\/\/monblanc-gers.com\/wp-content\/uploads\/2023\/05\/Sans-titre-2.png 310w, https:\/\/monblanc-gers.com\/wp-content\/uploads\/2023\/05\/Sans-titre-2-300x158.png 300w\" sizes=\"(max-width: 310px) 100vw, 310px\" \/><\/a><\/figure>\n\n\n\n<p><\/p>\n\n\n\n<p class=\"has-medium-font-size\">P\u00f4le emploi : Le site web de P\u00f4le emploi est d\u00e9di\u00e9 \u00e0 l&#8217;emploi et \u00e0 l&#8217;insertion professionnelle. Il permet aux demandeurs d&#8217;emploi de rechercher des offres d&#8217;emploi, de s&#8217;inscrire, de renouveler leur demande d&#8217;emploi, et d&#8217;acc\u00e9der \u00e0 des services li\u00e9s \u00e0 l&#8217;emploi.<\/p>\n\n\n\n<p><\/p>\n\n\n\n<figure class=\"wp-block-image size-large is-resized\"><a href=\"https:\/\/www.pole-emploi.fr\/accueil\/\"><img loading=\"lazy\" decoding=\"async\" src=\"https:\/\/monblanc-gers.com\/wp-content\/uploads\/2023\/05\/1200px-Logo_Pole_Emploi_2008.svg_-1024x819.png\" alt=\"\" class=\"wp-image-1558\" width=\"184\" height=\"146\" srcset=\"https:\/\/monblanc-gers.com\/wp-content\/uploads\/2023\/05\/1200px-Logo_Pole_Emploi_2008.svg_-1024x819.png 1024w, https:\/\/monblanc-gers.com\/wp-content\/uploads\/2023\/05\/1200px-Logo_Pole_Emploi_2008.svg_-300x240.png 300w, https:\/\/monblanc-gers.com\/wp-content\/uploads\/2023\/05\/1200px-Logo_Pole_Emploi_2008.svg_-768x614.png 768w, https:\/\/monblanc-gers.com\/wp-content\/uploads\/2023\/05\/1200px-Logo_Pole_Emploi_2008.svg_.png 1200w\" sizes=\"(max-width: 184px) 100vw, 184px\" \/><\/a><\/figure>\n\n\n\n<p><\/p>\n\n\n\n<p class=\"has-medium-font-size\">ANTS: L&#8217;ANTS vous accompagne dans la r\u00e9alisation de vos d\u00e9marches li\u00e9es \u00e0 l&#8217;immatriculation, au permis de conduire et aux titres d&#8217;identit\u00e9.<\/p>\n\n\n\n<figure class=\"wp-block-image size-large is-resized\"><a href=\"https:\/\/ants.gouv.fr\/\"><img loading=\"lazy\" decoding=\"async\" src=\"https:\/\/monblanc-gers.com\/wp-content\/uploads\/2023\/05\/csm_ants.gouv_.fr_e96009938b-1024x576.jpeg\" alt=\"\" class=\"wp-image-1564\" width=\"515\" height=\"289\" srcset=\"https:\/\/monblanc-gers.com\/wp-content\/uploads\/2023\/05\/csm_ants.gouv_.fr_e96009938b-1024x576.jpeg 1024w, https:\/\/monblanc-gers.com\/wp-content\/uploads\/2023\/05\/csm_ants.gouv_.fr_e96009938b-300x169.jpeg 300w, https:\/\/monblanc-gers.com\/wp-content\/uploads\/2023\/05\/csm_ants.gouv_.fr_e96009938b-768x432.jpeg 768w, https:\/\/monblanc-gers.com\/wp-content\/uploads\/2023\/05\/csm_ants.gouv_.fr_e96009938b.jpeg 1049w\" sizes=\"(max-width: 515px) 100vw, 515px\" \/><\/a><\/figure>\n\n\n\n<p class=\"has-medium-font-size\">France Service  49 rue du Marcadieu 32130 Samatan<\/p>\n\n\n\n<div class=\"wp-block-group is-vertical is-layout-flex wp-container-core-group-is-layout-8cf370e7 wp-block-group-is-layout-flex\">\n<h2 class=\"wp-block-heading has-cyan-bluish-gray-color has-text-color\" style=\"font-size:19px\">Du Lundi au Jeudi : de 08h00 \u00e0 12h00 de 13h30 \u00e0 17h30<\/h2>\n\n\n\n<p style=\"font-size:19px\">Le Vendredi : de 08h00 \u00e0 12h00<\/p>\n\n\n\n<figure class=\"wp-block-image size-full\"><a href=\"https:\/\/www.samatan-gers.com\/social-et-sante-france-service\/\"><img loading=\"lazy\" decoding=\"async\" width=\"389\" height=\"129\" src=\"https:\/\/monblanc-gers.com\/wp-content\/uploads\/2023\/05\/France-service.png\" alt=\"\" class=\"wp-image-1585\" srcset=\"https:\/\/monblanc-gers.com\/wp-content\/uploads\/2023\/05\/France-service.png 389w, https:\/\/monblanc-gers.com\/wp-content\/uploads\/2023\/05\/France-service-300x99.png 300w\" sizes=\"(max-width: 389px) 100vw, 389px\" \/><\/a><\/figure>\n<\/div>\n","protected":false},"excerpt":{"rendered":"<p>Afin de faciliter votre quotidien, nous vous proposons ci-dessous les principaux sites internet de l&#8217;administration fran\u00e7aise avec leurs liens. Bonne recherche Service-public.fr : Il s&#8217;agit du portail officiel de l&#8217;administration &#8230;<\/p>\n","protected":false},"author":1,"featured_media":0,"parent":0,"menu_order":0,"comment_status":"closed","ping_status":"closed","template":"","meta":{"om_disable_all_campaigns":false,"footnotes":""},"class_list":["post-1548","page","type-page","status-publish","hentry"],"_links":{"self":[{"href":"https:\/\/monblanc-gers.com\/index.php\/wp-json\/wp\/v2\/pages\/1548","targetHints":{"allow":["GET"]}}],"collection":[{"href":"https:\/\/monblanc-gers.com\/index.php\/wp-json\/wp\/v2\/pages"}],"about":[{"href":"https:\/\/monblanc-gers.com\/index.php\/wp-json\/wp\/v2\/types\/page"}],"author":[{"embeddable":true,"href":"https:\/\/monblanc-gers.com\/index.php\/wp-json\/wp\/v2\/users\/1"}],"replies":[{"embeddable":true,"href":"https:\/\/monblanc-gers.com\/index.php\/wp-json\/wp\/v2\/comments?post=1548"}],"version-history":[{"count":11,"href":"https:\/\/monblanc-gers.com\/index.php\/wp-json\/wp\/v2\/pages\/1548\/revisions"}],"predecessor-version":[{"id":1587,"href":"https:\/\/monblanc-gers.com\/index.php\/wp-json\/wp\/v2\/pages\/1548\/revisions\/1587"}],"wp:attachment":[{"href":"https:\/\/monblanc-gers.com\/index.php\/wp-json\/wp\/v2\/media?parent=1548"}],"curies":[{"name":"wp","href":"https:\/\/api.w.org\/{rel}","templated":true}]}}